{"id":7137,"date":"2022-04-18T20:27:35","date_gmt":"2022-04-18T18:27:35","guid":{"rendered":"https:\/\/www.kamil.ch\/blog\/?page_id=7137"},"modified":"2022-04-26T10:24:45","modified_gmt":"2022-04-26T08:24:45","slug":"zusammenarbeit","status":"publish","type":"page","link":"https:\/\/www.kamil.ch\/blog\/zusammenarbeit\/","title":{"rendered":"Zusammenarbeit"},"content":{"rendered":"\n<h2 class=\"wp-block-heading\">Berufliche Zusammenarbeit<\/h2>\n\n\n\n<h3 class=\"wp-block-heading\">So kommen wir zusammen<\/h3>\n\n\n\n<p>Freue mich besonders \u00fcber neue Kunden, Dienstleister und Agenturen, die ich l\u00e4ngerfristig bei Projekten oder im Tagesgesch\u00e4ft begleiten kann.<\/p>\n\n\n\n<div aria-hidden=\"true\" class=\"wp-block-fsb-flexible-spacer fsb-flexible-spacer\"><div class=\"fsb-flexible-spacer__device fsb-flexible-spacer__device--lg\" style=\"height:60px\"><\/div><div class=\"fsb-flexible-spacer__device fsb-flexible-spacer__device--md\" style=\"height:40px\"><\/div><div class=\"fsb-flexible-spacer__device fsb-flexible-spacer__device--sm\" style=\"height:30px\"><\/div><\/div>\n\n\n\n<h3 class=\"wp-block-heading\">Als Teamplayer oder Einzelk\u00e4mpfer?<\/h3>\n\n\n\n<p>Wie Projekte es erfordern, unterst\u00fctze ich Sie zielorientiert im Alleingang oder als Teil eines Teams \u2013 auch gerne mit anderen Freiberuflern, Konzeptionern, Projektmanagern, Motion Designern, Illustratoren, Kameraleuten, Fotografen und anderen Fachleuten, aus Ihrem oder meinem professionellen Netzwerk.<\/p>\n\n\n\n<div aria-hidden=\"true\" class=\"wp-block-fsb-flexible-spacer fsb-flexible-spacer\"><div class=\"fsb-flexible-spacer__device fsb-flexible-spacer__device--lg\" style=\"height:60px\"><\/div><div class=\"fsb-flexible-spacer__device fsb-flexible-spacer__device--md\" style=\"height:40px\"><\/div><div class=\"fsb-flexible-spacer__device fsb-flexible-spacer__device--sm\" style=\"height:30px\"><\/div><\/div>\n\n\n\n<h3 class=\"wp-block-heading\">Formen der Zusammenarbeit<\/h3>\n\n\n<p>Profitieren Sie vom gestalterischen und technischen Know-how.<\/p>\n\n\n<ul class=\"wp-block-list\"><li>Buchung f\u00fcr Einzelprojekte<\/li><li>w\u00f6chentliche oder monatliche Buchungen<\/li><li>gelegentliche Buchungen (z. B. als Urlaubs- oder Krankheitsvertretung)<\/li><li>\u00fcber einen l\u00e4ngeren Zeitraum (z. B. 1-2 Tage die Woche)<\/li><li>im Homeoffice (Kommunikation per E-Mail, telefonisch, WhattsApp, virtuelle Konferenzen)<\/li><li>in der Firma, beim Kunden Vorort<\/li><\/ul>\n","protected":false},"excerpt":{"rendered":"<p>Berufliche Zusammenarbeit So kommen wir zusammen Freue mich besonders \u00fcber neue Kunden, Dienstleister und Agenturen, die ich l\u00e4ngerfristig bei Projekten oder im Tagesgesch\u00e4ft begleiten kann. Als Teamplayer oder Einzelk\u00e4mpfer? Wie &#8230;<\/p>\n","protected":false},"author":1,"featured_media":0,"parent":0,"menu_order":0,"comment_status":"closed","ping_status":"closed","template":"","meta":{"inline_featured_image":false,"footnotes":""},"class_list":["post-7137","page","type-page","status-publish","hentry"],"_links":{"self":[{"href":"https:\/\/www.kamil.ch\/blog\/wp-json\/wp\/v2\/pages\/7137","targetHints":{"allow":["GET"]}}],"collection":[{"href":"https:\/\/www.kamil.ch\/blog\/wp-json\/wp\/v2\/pages"}],"about":[{"href":"https:\/\/www.kamil.ch\/blog\/wp-json\/wp\/v2\/types\/page"}],"author":[{"embeddable":true,"href":"https:\/\/www.kamil.ch\/blog\/wp-json\/wp\/v2\/users\/1"}],"replies":[{"embeddable":true,"href":"https:\/\/www.kamil.ch\/blog\/wp-json\/wp\/v2\/comments?post=7137"}],"version-history":[{"count":13,"href":"https:\/\/www.kamil.ch\/blog\/wp-json\/wp\/v2\/pages\/7137\/revisions"}],"predecessor-version":[{"id":7416,"href":"https:\/\/www.kamil.ch\/blog\/wp-json\/wp\/v2\/pages\/7137\/revisions\/7416"}],"wp:attachment":[{"href":"https:\/\/www.kamil.ch\/blog\/wp-json\/wp\/v2\/media?parent=7137"}],"curies":[{"name":"wp","href":"https:\/\/api.w.org\/{rel}","templated":true}]}}

<h2 class="wp-block-heading">Berufliche Zusammenarbeit</h2>



<h3 class="wp-block-heading">So kommen wir zusammen</h3>



<p>Freue mich besonders über neue Kunden, Dienstleister und Agenturen, die ich längerfristig bei Projekten oder im Tagesgeschäft begleiten kann.</p>



<div aria-hidden="true" class="wp-block-fsb-flexible-spacer fsb-flexible-spacer"><div class="fsb-flexible-spacer__device fsb-flexible-spacer__device--lg" style="height:60px"></div><div class="fsb-flexible-spacer__device fsb-flexible-spacer__device--md" style="height:40px"></div><div class="fsb-flexible-spacer__device fsb-flexible-spacer__device--sm" style="height:30px"></div></div>



<h3 class="wp-block-heading">Als Teamplayer oder Einzelkämpfer?</h3>



<p>Wie Projekte es erfordern, unterstütze ich Sie zielorientiert im Alleingang oder als Teil eines Teams – auch gerne mit anderen Freiberuflern, Konzeptionern, Projektmanagern, Motion Designern, Illustratoren, Kameraleuten, Fotografen und anderen Fachleuten, aus Ihrem oder meinem professionellen Netzwerk.</p>



<div aria-hidden="true" class="wp-block-fsb-flexible-spacer fsb-flexible-spacer"><div class="fsb-flexible-spacer__device fsb-flexible-spacer__device--lg" style="height:60px"></div><div class="fsb-flexible-spacer__device fsb-flexible-spacer__device--md" style="height:40px"></div><div class="fsb-flexible-spacer__device fsb-flexible-spacer__device--sm" style="height:30px"></div></div>



<h3 class="wp-block-heading">Formen der Zusammenarbeit</h3>


<p>Profitieren Sie vom gestalterischen und technischen Know-how.</p>


<ul class="wp-block-list"><li>Buchung für Einzelprojekte</li><li>wöchentliche oder monatliche Buchungen</li><li>gelegentliche Buchungen (z. B. als Urlaubs- oder Krankheitsvertretung)</li><li>über einen längeren Zeitraum (z. B. 1-2 Tage die Woche)</li><li>im Homeoffice (Kommunikation per E-Mail, telefonisch, WhattsApp, virtuelle Konferenzen)</li><li>in der Firma, beim Kunden Vorort</li></ul>

<p>Berufliche Zusammenarbeit So kommen wir zusammen Freue mich besonders über neue Kunden, Dienstleister und Agenturen, die ich längerfristig bei Projekten oder im Tagesgeschäft begleiten kann. Als Teamplayer oder Einzelkämpfer? Wie &#8230;</p>
