{"id":2549,"date":"2020-04-13T19:03:31","date_gmt":"2020-04-13T17:03:31","guid":{"rendered":"https:\/\/www.kamil.ch\/blog\/?page_id=2549"},"modified":"2023-03-10T10:26:41","modified_gmt":"2023-03-10T09:26:41","slug":"illustration","status":"publish","type":"page","link":"https:\/\/www.kamil.ch\/blog\/illustration\/","title":{"rendered":"Illustration"},"content":{"rendered":"\n<h2 class=\"has-text-color wp-block-heading\">Digitale Illustrationen<\/h2>\n\n\n\n<h3 class=\"has-text-color wp-block-heading\">Mein Leistungsspektrum<\/h3>\n\n\n\n<p>Gerne setze ich die von Ihnen ben\u00f6tigten Inhalte um: Illustrationen f\u00fcr digitale Projekte oder Printprodukte, illustrativ unterst\u00fctzende redaktionelle\/textliche Inhalte, sowie Buch- oder Spieleillustrationen.<\/p>\n\n\n\n<figure class=\"wp-block-image size-full\"><img loading=\"lazy\" decoding=\"async\" width=\"2100\" height=\"500\" src=\"https:\/\/www.kamil.ch\/blog\/wp-content\/uploads\/2022\/04\/landscape_trees_bunt.png\" alt=\"\" class=\"wp-image-7431\" srcset=\"https:\/\/www.kamil.ch\/blog\/wp-content\/uploads\/2022\/04\/landscape_trees_bunt.png 2100w, https:\/\/www.kamil.ch\/blog\/wp-content\/uploads\/2022\/04\/landscape_trees_bunt-300x71.png 300w, https:\/\/www.kamil.ch\/blog\/wp-content\/uploads\/2022\/04\/landscape_trees_bunt-1024x244.png 1024w, https:\/\/www.kamil.ch\/blog\/wp-content\/uploads\/2022\/04\/landscape_trees_bunt-768x183.png 768w, https:\/\/www.kamil.ch\/blog\/wp-content\/uploads\/2022\/04\/landscape_trees_bunt-1536x366.png 1536w, https:\/\/www.kamil.ch\/blog\/wp-content\/uploads\/2022\/04\/landscape_trees_bunt-2048x488.png 2048w\" sizes=\"auto, (max-width: 2100px) 100vw, 2100px\" \/><\/figure>\n\n\n\n<div aria-hidden=\"true\" class=\"wp-block-fsb-flexible-spacer fsb-flexible-spacer\"><div class=\"fsb-flexible-spacer__device fsb-flexible-spacer__device--lg\" style=\"height:51px\"><\/div><div class=\"fsb-flexible-spacer__device fsb-flexible-spacer__device--md\" style=\"height:51px\"><\/div><div class=\"fsb-flexible-spacer__device fsb-flexible-spacer__device--sm\" style=\"height:30px\"><\/div><\/div>\n\n\n\n<hr class=\"wp-block-separator has-css-opacity is-style-wide\"\/>\n\n\n\n<div aria-hidden=\"true\" class=\"wp-block-fsb-flexible-spacer fsb-flexible-spacer\"><div class=\"fsb-flexible-spacer__device fsb-flexible-spacer__device--lg\" style=\"height:20px\"><\/div><div class=\"fsb-flexible-spacer__device fsb-flexible-spacer__device--md\" style=\"height:20px\"><\/div><div class=\"fsb-flexible-spacer__device fsb-flexible-spacer__device--sm\" style=\"height:10px\"><\/div><\/div>\n\n\n\n<h3 class=\"has-text-color wp-block-heading\">Gewerbliche Illustrationen<\/h3>\n\n\n\n<ul class=\"wp-block-list\">\n<li>F\u00fcr Flyer, Plakate, Banner, Werbe-Postkarten und andere Werbeartikel<\/li>\n\n\n\n<li>F\u00fcr Verpackungen, Beipackzettel, Aufkleber<\/li>\n<\/ul>\n\n\n\n<div aria-hidden=\"true\" class=\"wp-block-fsb-flexible-spacer fsb-flexible-spacer\"><div class=\"fsb-flexible-spacer__device fsb-flexible-spacer__device--lg\" style=\"height:20px\"><\/div><div class=\"fsb-flexible-spacer__device fsb-flexible-spacer__device--md\" style=\"height:20px\"><\/div><div class=\"fsb-flexible-spacer__device fsb-flexible-spacer__device--sm\" style=\"height:10px\"><\/div><\/div>\n\n\n\n<figure class=\"wp-block-image size-full\"><img loading=\"lazy\" decoding=\"async\" width=\"1600\" height=\"700\" src=\"https:\/\/www.kamil.ch\/blog\/wp-content\/uploads\/2021\/01\/illustration.jpg\" alt=\"illustration example picture\" class=\"wp-image-4674\" srcset=\"https:\/\/www.kamil.ch\/blog\/wp-content\/uploads\/2021\/01\/illustration.jpg 1600w, https:\/\/www.kamil.ch\/blog\/wp-content\/uploads\/2021\/01\/illustration-300x131.jpg 300w, https:\/\/www.kamil.ch\/blog\/wp-content\/uploads\/2021\/01\/illustration-1024x448.jpg 1024w, https:\/\/www.kamil.ch\/blog\/wp-content\/uploads\/2021\/01\/illustration-768x336.jpg 768w, https:\/\/www.kamil.ch\/blog\/wp-content\/uploads\/2021\/01\/illustration-1536x672.jpg 1536w\" sizes=\"auto, (max-width: 1600px) 100vw, 1600px\" \/><\/figure>\n\n\n\n<div aria-hidden=\"true\" class=\"wp-block-fsb-flexible-spacer fsb-flexible-spacer\"><div class=\"fsb-flexible-spacer__device fsb-flexible-spacer__device--lg\" style=\"height:20px\"><\/div><div class=\"fsb-flexible-spacer__device fsb-flexible-spacer__device--md\" style=\"height:20px\"><\/div><div class=\"fsb-flexible-spacer__device fsb-flexible-spacer__device--sm\" style=\"height:10px\"><\/div><\/div>\n\n\n\n<figure class=\"wp-block-image size-full\"><img loading=\"lazy\" decoding=\"async\" width=\"1024\" height=\"930\" src=\"https:\/\/www.kamil.ch\/blog\/wp-content\/uploads\/2022\/04\/Sentias_50102_1008.png\" alt=\"\" class=\"wp-image-7475\" srcset=\"https:\/\/www.kamil.ch\/blog\/wp-content\/uploads\/2022\/04\/Sentias_50102_1008.png 1024w, https:\/\/www.kamil.ch\/blog\/wp-content\/uploads\/2022\/04\/Sentias_50102_1008-300x272.png 300w, https:\/\/www.kamil.ch\/blog\/wp-content\/uploads\/2022\/04\/Sentias_50102_1008-768x698.png 768w\" sizes=\"auto, (max-width: 1024px) 100vw, 1024px\" \/><\/figure>\n\n\n\n<div aria-hidden=\"true\" class=\"wp-block-fsb-flexible-spacer fsb-flexible-spacer\"><div class=\"fsb-flexible-spacer__device fsb-flexible-spacer__device--lg\" style=\"height:20px\"><\/div><div class=\"fsb-flexible-spacer__device fsb-flexible-spacer__device--md\" style=\"height:20px\"><\/div><div class=\"fsb-flexible-spacer__device fsb-flexible-spacer__device--sm\" style=\"height:10px\"><\/div><\/div>\n\n\n\n<figure class=\"wp-block-image size-full\"><img loading=\"lazy\" decoding=\"async\" width=\"1600\" height=\"1200\" src=\"https:\/\/www.kamil.ch\/blog\/wp-content\/uploads\/2022\/04\/TC-2002a.jpg\" alt=\"\" class=\"wp-image-7480\" srcset=\"https:\/\/www.kamil.ch\/blog\/wp-content\/uploads\/2022\/04\/TC-2002a.jpg 1600w, https:\/\/www.kamil.ch\/blog\/wp-content\/uploads\/2022\/04\/TC-2002a-300x225.jpg 300w, https:\/\/www.kamil.ch\/blog\/wp-content\/uploads\/2022\/04\/TC-2002a-1024x768.jpg 1024w, https:\/\/www.kamil.ch\/blog\/wp-content\/uploads\/2022\/04\/TC-2002a-768x576.jpg 768w, https:\/\/www.kamil.ch\/blog\/wp-content\/uploads\/2022\/04\/TC-2002a-1536x1152.jpg 1536w\" sizes=\"auto, (max-width: 1600px) 100vw, 1600px\" \/><\/figure>\n\n\n\n<p style=\"font-size:13px;\">Abbildung: Illustrationen realisiert f\u00fcr die Firmen <a rel=\"noreferrer noopener\" href=\"https:\/\/www.tungsten-consulting.de\/\" target=\"_blank\">Tungsten Consulting<\/a> und <a rel=\"noreferrer noopener\" href=\"https:\/\/sentias.de\/\" target=\"_blank\">Sentias<\/a><\/p>\n\n\n\n<div aria-hidden=\"true\" class=\"wp-block-fsb-flexible-spacer fsb-flexible-spacer\"><div class=\"fsb-flexible-spacer__device fsb-flexible-spacer__device--lg\" style=\"height:20px\"><\/div><div class=\"fsb-flexible-spacer__device fsb-flexible-spacer__device--md\" style=\"height:20px\"><\/div><div class=\"fsb-flexible-spacer__device fsb-flexible-spacer__device--sm\" style=\"height:10px\"><\/div><\/div>\n\n\n\n<hr class=\"wp-block-separator has-css-opacity is-style-wide\"\/>\n\n\n\n<div aria-hidden=\"true\" class=\"wp-block-fsb-flexible-spacer fsb-flexible-spacer\"><div class=\"fsb-flexible-spacer__device fsb-flexible-spacer__device--lg\" style=\"height:20px\"><\/div><div class=\"fsb-flexible-spacer__device fsb-flexible-spacer__device--md\" style=\"height:20px\"><\/div><div class=\"fsb-flexible-spacer__device fsb-flexible-spacer__device--sm\" style=\"height:10px\"><\/div><\/div>\n\n\n\n<h3 class=\"has-text-color wp-block-heading\">Inhaltsunterst\u00fctzende und redaktionelle Illustrationen<\/h3>\n\n\n\n<ul class=\"wp-block-list\">\n<li>F\u00fcr Pr\u00e4sentationen, Events, Fortbildungen und Workshops<\/li>\n\n\n\n<li>2D-Zeichnungen f\u00fcr Erkl\u00e4rvideos und Animationsfilme<\/li>\n\n\n\n<li>Einfache zeichnerische Visualisierungen f\u00fcr Pitchs\/Kampagnen<\/li>\n\n\n\n<li>Illustrationen f\u00fcr Webseiten und Social Media<\/li>\n\n\n\n<li>Content f\u00fcr Interfaces<\/li>\n<\/ul>\n\n\n\n<div aria-hidden=\"true\" class=\"wp-block-fsb-flexible-spacer fsb-flexible-spacer\"><div class=\"fsb-flexible-spacer__device fsb-flexible-spacer__device--lg\" style=\"height:20px\"><\/div><div class=\"fsb-flexible-spacer__device fsb-flexible-spacer__device--md\" style=\"height:20px\"><\/div><div class=\"fsb-flexible-spacer__device fsb-flexible-spacer__device--sm\" style=\"height:10px\"><\/div><\/div>\n\n\n\n<figure class=\"wp-block-image size-large\"><img loading=\"lazy\" decoding=\"async\" width=\"1024\" height=\"576\" src=\"https:\/\/www.kamil.ch\/blog\/wp-content\/uploads\/2023\/03\/image29_neu-1-1024x576.png\" alt=\"\" class=\"wp-image-7972\" srcset=\"https:\/\/www.kamil.ch\/blog\/wp-content\/uploads\/2023\/03\/image29_neu-1-1024x576.png 1024w, https:\/\/www.kamil.ch\/blog\/wp-content\/uploads\/2023\/03\/image29_neu-1-300x169.png 300w, https:\/\/www.kamil.ch\/blog\/wp-content\/uploads\/2023\/03\/image29_neu-1-768x432.png 768w, https:\/\/www.kamil.ch\/blog\/wp-content\/uploads\/2023\/03\/image29_neu-1-1536x864.png 1536w\" sizes=\"auto, (max-width: 1024px) 100vw, 1024px\" \/><\/figure>\n\n\n\n<div aria-hidden=\"true\" class=\"wp-block-fsb-flexible-spacer fsb-flexible-spacer\"><div class=\"fsb-flexible-spacer__device fsb-flexible-spacer__device--lg\" style=\"height:20px\"><\/div><div class=\"fsb-flexible-spacer__device fsb-flexible-spacer__device--md\" style=\"height:20px\"><\/div><div class=\"fsb-flexible-spacer__device fsb-flexible-spacer__device--sm\" style=\"height:10px\"><\/div><\/div>\n\n\n\n<figure class=\"wp-block-image size-large\"><img loading=\"lazy\" decoding=\"async\" width=\"1024\" height=\"576\" src=\"https:\/\/www.kamil.ch\/blog\/wp-content\/uploads\/2022\/04\/illustration-1024x576.png\" alt=\"\" class=\"wp-image-6685\" srcset=\"https:\/\/www.kamil.ch\/blog\/wp-content\/uploads\/2022\/04\/illustration-1024x576.png 1024w, https:\/\/www.kamil.ch\/blog\/wp-content\/uploads\/2022\/04\/illustration-300x169.png 300w, https:\/\/www.kamil.ch\/blog\/wp-content\/uploads\/2022\/04\/illustration-768x432.png 768w, https:\/\/www.kamil.ch\/blog\/wp-content\/uploads\/2022\/04\/illustration.png 1200w\" sizes=\"auto, (max-width: 1024px) 100vw, 1024px\" \/><\/figure>\n\n\n\n<div aria-hidden=\"true\" class=\"wp-block-fsb-flexible-spacer fsb-flexible-spacer\"><div class=\"fsb-flexible-spacer__device fsb-flexible-spacer__device--lg\" style=\"height:20px\"><\/div><div class=\"fsb-flexible-spacer__device fsb-flexible-spacer__device--md\" style=\"height:20px\"><\/div><div class=\"fsb-flexible-spacer__device fsb-flexible-spacer__device--sm\" style=\"height:10px\"><\/div><\/div>\n\n\n\n<figure class=\"wp-block-image size-full\"><img loading=\"lazy\" decoding=\"async\" width=\"1226\" height=\"1305\" src=\"https:\/\/www.kamil.ch\/blog\/wp-content\/uploads\/2022\/04\/illustration-03.png\" alt=\"\" class=\"wp-image-6701\" srcset=\"https:\/\/www.kamil.ch\/blog\/wp-content\/uploads\/2022\/04\/illustration-03.png 1226w, https:\/\/www.kamil.ch\/blog\/wp-content\/uploads\/2022\/04\/illustration-03-282x300.png 282w, https:\/\/www.kamil.ch\/blog\/wp-content\/uploads\/2022\/04\/illustration-03-962x1024.png 962w, https:\/\/www.kamil.ch\/blog\/wp-content\/uploads\/2022\/04\/illustration-03-768x817.png 768w\" sizes=\"auto, (max-width: 1226px) 100vw, 1226px\" \/><\/figure>\n\n\n\n<div aria-hidden=\"true\" class=\"wp-block-fsb-flexible-spacer fsb-flexible-spacer\"><div class=\"fsb-flexible-spacer__device fsb-flexible-spacer__device--lg\" style=\"height:20px\"><\/div><div class=\"fsb-flexible-spacer__device fsb-flexible-spacer__device--md\" style=\"height:20px\"><\/div><div class=\"fsb-flexible-spacer__device fsb-flexible-spacer__device--sm\" style=\"height:10px\"><\/div><\/div>\n\n\n\n<figure class=\"wp-block-image size-full\"><img loading=\"lazy\" decoding=\"async\" width=\"1200\" height=\"674\" src=\"https:\/\/www.kamil.ch\/blog\/wp-content\/uploads\/2022\/04\/illustration-02.png\" alt=\"\" class=\"wp-image-6694\" srcset=\"https:\/\/www.kamil.ch\/blog\/wp-content\/uploads\/2022\/04\/illustration-02.png 1200w, https:\/\/www.kamil.ch\/blog\/wp-content\/uploads\/2022\/04\/illustration-02-300x169.png 300w, https:\/\/www.kamil.ch\/blog\/wp-content\/uploads\/2022\/04\/illustration-02-1024x575.png 1024w, https:\/\/www.kamil.ch\/blog\/wp-content\/uploads\/2022\/04\/illustration-02-768x431.png 768w\" sizes=\"auto, (max-width: 1200px) 100vw, 1200px\" \/><\/figure>\n\n\n\n<p style=\"font-size:13px;\">Abbildungen oben: Teil einer Serie von Illustrationen und Infografiken, realisiert f\u00fcr <a rel=\"noreferrer noopener\" href=\"https:\/\/www.rethink-everything.net\/\" target=\"_blank\">rethink<\/a><\/p>\n\n\n\n<div aria-hidden=\"true\" class=\"wp-block-fsb-flexible-spacer fsb-flexible-spacer\"><div class=\"fsb-flexible-spacer__device fsb-flexible-spacer__device--lg\" style=\"height:20px\"><\/div><div class=\"fsb-flexible-spacer__device fsb-flexible-spacer__device--md\" style=\"height:20px\"><\/div><div class=\"fsb-flexible-spacer__device fsb-flexible-spacer__device--sm\" style=\"height:10px\"><\/div><\/div>\n\n\n\n<figure class=\"wp-block-image size-full\"><img loading=\"lazy\" decoding=\"async\" width=\"1754\" height=\"2480\" src=\"https:\/\/www.kamil.ch\/blog\/wp-content\/uploads\/2021\/01\/illustration_workshop-2.png\" alt=\"\" class=\"wp-image-4975\" srcset=\"https:\/\/www.kamil.ch\/blog\/wp-content\/uploads\/2021\/01\/illustration_workshop-2.png 1754w, https:\/\/www.kamil.ch\/blog\/wp-content\/uploads\/2021\/01\/illustration_workshop-2-212x300.png 212w, https:\/\/www.kamil.ch\/blog\/wp-content\/uploads\/2021\/01\/illustration_workshop-2-724x1024.png 724w, https:\/\/www.kamil.ch\/blog\/wp-content\/uploads\/2021\/01\/illustration_workshop-2-768x1086.png 768w, https:\/\/www.kamil.ch\/blog\/wp-content\/uploads\/2021\/01\/illustration_workshop-2-1086x1536.png 1086w, https:\/\/www.kamil.ch\/blog\/wp-content\/uploads\/2021\/01\/illustration_workshop-2-1448x2048.png 1448w\" sizes=\"auto, (max-width: 1754px) 100vw, 1754px\" \/><\/figure>\n\n\n\n<p style=\"font-size:13px;\">Abbildung: Illustrationsauftrag f\u00fcr einen Workshop<\/p>\n\n\n\n<div aria-hidden=\"true\" class=\"wp-block-fsb-flexible-spacer fsb-flexible-spacer\"><div class=\"fsb-flexible-spacer__device fsb-flexible-spacer__device--lg\" style=\"height:20px\"><\/div><div class=\"fsb-flexible-spacer__device fsb-flexible-spacer__device--md\" style=\"height:20px\"><\/div><div class=\"fsb-flexible-spacer__device fsb-flexible-spacer__device--sm\" style=\"height:10px\"><\/div><\/div>\n\n\n\n<figure class=\"wp-block-image size-large\"><img loading=\"lazy\" decoding=\"async\" width=\"1024\" height=\"628\" src=\"https:\/\/www.kamil.ch\/blog\/wp-content\/uploads\/2021\/01\/erklaerfilm_telekom-1024x628.png\" alt=\"\" class=\"wp-image-4799\" srcset=\"https:\/\/www.kamil.ch\/blog\/wp-content\/uploads\/2021\/01\/erklaerfilm_telekom-1024x628.png 1024w, https:\/\/www.kamil.ch\/blog\/wp-content\/uploads\/2021\/01\/erklaerfilm_telekom-300x184.png 300w, https:\/\/www.kamil.ch\/blog\/wp-content\/uploads\/2021\/01\/erklaerfilm_telekom-768x471.png 768w, https:\/\/www.kamil.ch\/blog\/wp-content\/uploads\/2021\/01\/erklaerfilm_telekom-1536x943.png 1536w, https:\/\/www.kamil.ch\/blog\/wp-content\/uploads\/2021\/01\/erklaerfilm_telekom.png 1838w\" sizes=\"auto, (max-width: 1024px) 100vw, 1024px\" \/><\/figure>\n\n\n\n<p style=\"font-size:13px;\">Abbildung: Reihe von Illustrationen f\u00fcr verschiedene Erkl\u00e4rvideos, Deutsche Telekom Gesch\u00e4ftskunden, realisiert f\u00fcr die Zweimaleins GmbH (<a rel=\"noreferrer noopener\" href=\"http:\/\/saatchi.de\/\" target=\"_blank\">Saatchi &amp; Saatchi Pro<\/a>)<\/p>\n\n\n\n<div aria-hidden=\"true\" class=\"wp-block-fsb-flexible-spacer fsb-flexible-spacer\"><div class=\"fsb-flexible-spacer__device fsb-flexible-spacer__device--lg\" style=\"height:51px\"><\/div><div class=\"fsb-flexible-spacer__device fsb-flexible-spacer__device--md\" style=\"height:51px\"><\/div><div class=\"fsb-flexible-spacer__device fsb-flexible-spacer__device--sm\" style=\"height:30px\"><\/div><\/div>\n\n\n\n<hr class=\"wp-block-separator has-css-opacity is-style-wide\"\/>\n\n\n\n<div aria-hidden=\"true\" class=\"wp-block-fsb-flexible-spacer fsb-flexible-spacer\"><div class=\"fsb-flexible-spacer__device fsb-flexible-spacer__device--lg\" style=\"height:20px\"><\/div><div class=\"fsb-flexible-spacer__device fsb-flexible-spacer__device--md\" style=\"height:20px\"><\/div><div class=\"fsb-flexible-spacer__device fsb-flexible-spacer__device--sm\" style=\"height:10px\"><\/div><\/div>\n\n\n\n<h3 class=\"has-text-color wp-block-heading\">Illustrationen f\u00fcr Editorial, Literatur und Spiele<\/h3>\n\n\n\n<ul class=\"wp-block-list\">\n<li>Magazin \u2013 Cover, Artikel-Illustration und Infografiken<\/li>\n\n\n\n<li>Inhaltsunterst\u00fctzende und erkl\u00e4rende Illustrationen<\/li>\n\n\n\n<li>Cartoons<\/li>\n\n\n\n<li>Buchcover und bildliche inhalte<\/li>\n\n\n\n<li>Buch- und Romanillustration<\/li>\n\n\n\n<li>Kinder- und Jugendliteratur<\/li>\n\n\n\n<li>Humor-, Satire- und Cartoonb\u00fccher<\/li>\n\n\n\n<li>Spiel- und Kartenillustration<\/li>\n<\/ul>\n\n\n\n<div aria-hidden=\"true\" class=\"wp-block-fsb-flexible-spacer fsb-flexible-spacer\"><div class=\"fsb-flexible-spacer__device fsb-flexible-spacer__device--lg\" style=\"height:51px\"><\/div><div class=\"fsb-flexible-spacer__device fsb-flexible-spacer__device--md\" style=\"height:51px\"><\/div><div class=\"fsb-flexible-spacer__device fsb-flexible-spacer__device--sm\" style=\"height:30px\"><\/div><\/div>\n\n\n\n<hr class=\"wp-block-separator has-css-opacity is-style-wide\"\/>\n\n\n\n<div aria-hidden=\"true\" class=\"wp-block-fsb-flexible-spacer fsb-flexible-spacer\"><div class=\"fsb-flexible-spacer__device fsb-flexible-spacer__device--lg\" style=\"height:20px\"><\/div><div class=\"fsb-flexible-spacer__device fsb-flexible-spacer__device--md\" style=\"height:20px\"><\/div><div class=\"fsb-flexible-spacer__device fsb-flexible-spacer__device--sm\" style=\"height:10px\"><\/div><\/div>\n\n\n\n<h3 class=\"has-text-color wp-block-heading\">Charakterentwicklung<\/h3>\n\n\n\n<ul class=\"wp-block-list\">\n<li>Sympathietr\u00e4ger<\/li>\n\n\n\n<li>Werbe-Maskottchen<\/li>\n<\/ul>\n\n\n\n<div aria-hidden=\"true\" class=\"wp-block-fsb-flexible-spacer fsb-flexible-spacer\"><div class=\"fsb-flexible-spacer__device fsb-flexible-spacer__device--lg\" style=\"height:20px\"><\/div><div class=\"fsb-flexible-spacer__device fsb-flexible-spacer__device--md\" style=\"height:20px\"><\/div><div class=\"fsb-flexible-spacer__device fsb-flexible-spacer__device--sm\" style=\"height:10px\"><\/div><\/div>\n\n\n\n<figure class=\"wp-block-image size-large\"><img loading=\"lazy\" decoding=\"async\" width=\"1024\" height=\"768\" src=\"https:\/\/www.kamil.ch\/blog\/wp-content\/uploads\/2021\/01\/IMG-20191027-WA0025-1024x768.jpg\" alt=\"\" class=\"wp-image-5205\" srcset=\"https:\/\/www.kamil.ch\/blog\/wp-content\/uploads\/2021\/01\/IMG-20191027-WA0025-1024x768.jpg 1024w, https:\/\/www.kamil.ch\/blog\/wp-content\/uploads\/2021\/01\/IMG-20191027-WA0025-300x225.jpg 300w, https:\/\/www.kamil.ch\/blog\/wp-content\/uploads\/2021\/01\/IMG-20191027-WA0025-768x576.jpg 768w, https:\/\/www.kamil.ch\/blog\/wp-content\/uploads\/2021\/01\/IMG-20191027-WA0025-1536x1152.jpg 1536w, https:\/\/www.kamil.ch\/blog\/wp-content\/uploads\/2021\/01\/IMG-20191027-WA0025.jpg 1600w\" sizes=\"auto, (max-width: 1024px) 100vw, 1024px\" \/><\/figure>\n\n\n\n<div style=\"height:20px\" aria-hidden=\"true\" class=\"wp-block-spacer\"><\/div>\n\n\n\n<figure class=\"wp-block-image size-full\"><img loading=\"lazy\" decoding=\"async\" width=\"1600\" height=\"352\" src=\"https:\/\/www.kamil.ch\/blog\/wp-content\/uploads\/2021\/01\/mamas-headbands.png\" alt=\"picture example mamas headbands\" class=\"wp-image-4714\" srcset=\"https:\/\/www.kamil.ch\/blog\/wp-content\/uploads\/2021\/01\/mamas-headbands.png 1600w, https:\/\/www.kamil.ch\/blog\/wp-content\/uploads\/2021\/01\/mamas-headbands-300x66.png 300w, https:\/\/www.kamil.ch\/blog\/wp-content\/uploads\/2021\/01\/mamas-headbands-1024x225.png 1024w, https:\/\/www.kamil.ch\/blog\/wp-content\/uploads\/2021\/01\/mamas-headbands-768x169.png 768w, https:\/\/www.kamil.ch\/blog\/wp-content\/uploads\/2021\/01\/mamas-headbands-1536x338.png 1536w\" sizes=\"auto, (max-width: 1600px) 100vw, 1600px\" \/><\/figure>\n\n\n\n<p style=\"font-size:13px;\">Abbildung: Schriftzug, Layout und Illustration eines Verkaufsstand-Banners im Auftrag von Mama&#8217;s Headbands<\/p>\n\n\n\n<div style=\"height:45px\" aria-hidden=\"true\" class=\"wp-block-spacer\"><\/div>\n","protected":false},"excerpt":{"rendered":"<p>Digitale Illustrationen Mein Leistungsspektrum Gerne setze ich die von Ihnen ben\u00f6tigten Inhalte um: Illustrationen f\u00fcr digitale Projekte oder Printprodukte, illustrativ unterst\u00fctzende redaktionelle\/textliche Inhalte, sowie Buch- oder Spieleillustrationen. Gewerbliche Illustrationen Abbildung: &#8230;<\/p>\n","protected":false},"author":1,"featured_media":0,"parent":0,"menu_order":0,"comment_status":"closed","ping_status":"closed","template":"","meta":{"inline_featured_image":false,"footnotes":""},"class_list":["post-2549","page","type-page","status-publish","hentry"],"_links":{"self":[{"href":"https:\/\/www.kamil.ch\/blog\/wp-json\/wp\/v2\/pages\/2549","targetHints":{"allow":["GET"]}}],"collection":[{"href":"https:\/\/www.kamil.ch\/blog\/wp-json\/wp\/v2\/pages"}],"about":[{"href":"https:\/\/www.kamil.ch\/blog\/wp-json\/wp\/v2\/types\/page"}],"author":[{"embeddable":true,"href":"https:\/\/www.kamil.ch\/blog\/wp-json\/wp\/v2\/users\/1"}],"replies":[{"embeddable":true,"href":"https:\/\/www.kamil.ch\/blog\/wp-json\/wp\/v2\/comments?post=2549"}],"version-history":[{"count":270,"href":"https:\/\/www.kamil.ch\/blog\/wp-json\/wp\/v2\/pages\/2549\/revisions"}],"predecessor-version":[{"id":7973,"href":"https:\/\/www.kamil.ch\/blog\/wp-json\/wp\/v2\/pages\/2549\/revisions\/7973"}],"wp:attachment":[{"href":"https:\/\/www.kamil.ch\/blog\/wp-json\/wp\/v2\/media?parent=2549"}],"curies":[{"name":"wp","href":"https:\/\/api.w.org\/{rel}","templated":true}]}}